- 38. Let j be s(-19). Calculate the highest common factor of n and j.
19
Suppose 5*p - o = 40, 0 = -4*p - 0*o + 5*o + 53. Let u be (-20)/p*(-63)/18. Calculate the greatest common divisor of u and 50.
10
Suppose -o + 40 = -3*b, -4*o + b + 172 = 12. Calculate the greatest common divisor of 50 and o.
10
Let u(d) = 34*d - 40. Let i be u(3). Calculate the highest common divisor of 341 and i.
31
Suppose 0 = -13*z + 73 + 161. Calculate the highest common divisor of z and 81.
9
Let l(b) = 2*b**2 + 4*b. Suppose -5*q + 3*q = 8. Let y be l(q). Calculate the greatest common factor of 40 and y.
8
Let t(s) = -2*s**2 - 15*s - 15. Let c be t(-6). Suppose c*b = 189 + 90. Calculate the greatest common divisor of b and 62.
31
Let g(z) = z**2 - 3*z - 2. Let d be g(5). Let k(h) be the first derivative of 71*h**2/2 + h - 29. Let w be k(1). What is the highest common divisor of w and d?
8
Let t = -423 + 497. Calculate the greatest common divisor of t and 296.
74
Suppose -13*f = -9*f - 20. Calculate the highest common divisor of 20 and f.
5
Let r = -2 + 7. Suppose f = 2*f - r. Suppose f*p - 44 - 56 = 0. Calculate the highest common divisor of 5 and p.
5
Let q = -27 + 192. Suppose 0 = f + 2*f - q. Suppose w - 5 = 2*n + 15, 1 = n. What is the greatest common factor of w and f?
11
Let y be 52/234 + ((-194)/(-18) - -1). Calculate the highest common factor of y and 8.
4
Let q(o) = -o**2 + 10*o + 13. Let p be q(5). Suppose 4 = -4*d + k + 39, 2*k = 4*d - p. Calculate the greatest common factor of 32 and d.
8
Let u = -56 + 326. What is the highest common divisor of 18 and u?
18
Suppose r + 138 = 2*o, -3*o + r - 6*r + 207 = 0. Calculate the greatest common divisor of 15 and o.
3
Let s = 417 - 410. What is the greatest common divisor of s and 224?
7
Let x(v) = v**3 - 10*v**2 - 38*v + 28. Let f be x(14). Calculate the highest common divisor of 40 and f.
40
Suppose 3*w + 5165 = 5300. Let v be 3 + -1 - (-17 + 1). What is the highest common factor of v and w?
9
Suppose -14*t = -59 - 53. Let h be 42 + -1 - (-3)/(-3). What is the greatest common divisor of h and t?
8
Let x = 746 + -735. Suppose 0 = 2*y - 0*y - 154. Calculate the highest common factor of y and x.
11
Let s(m) = m + 2. Let k be s(-5). Let h be k/(-3)*(29 - -4). Calculate the highest common factor of h and 11.
11
Let u(g) = g**2 - 4*g + 7. Let q be u(3). Suppose -515 = -5*p - 2*k, q*k - 510 = -5*p + k. Calculate the highest common factor of 21 and p.
21
Suppose 0 = -3*h + 15, 4 = -5*q + 3*h + 14. What is the highest common factor of q and 4?
1
Let s(k) = -6*k. Let r be s(-2). Calculate the greatest common factor of 124 and r.
4
Let x = 136 - 122. Suppose -m - 8 = -5*m. Suppose -m*y + 112 = -0*y. Calculate the highest common divisor of x and y.
14
Let v(r) = 3*r - 1. Let u be v(5). Let p be (-648)/30 + 3/5. Let j be 96/14 - 3/p. Calculate the greatest common factor of u and j.
7
Suppose -c - 2*z + 35 = 0, -3*c + 5*c + z = 85. Calculate the highest common divisor of 1845 and c.
45
Let o(m) be the second derivative of -m**3/2 + m**2/2 - m. Let v be (-2)/(-7) + (130/35 - 6). Let t be o(v). What is the greatest common factor of 1 and t?
1
Let c = 55 - 48. What is the greatest common divisor of c and 21?
7
Suppose 0 = 4*b + r - 4 - 22, 2*b = -3*r + 18. Let n be -1*(b - 3) + 13. What is the greatest common factor of n and 15?
5
Let c be (2*(-90)/(-4))/((-1)/(-1)). What is the greatest common divisor of 15 and c?
15
Let o(s) = -s**3 + 6*s**2 - 7*s + 23. Let p be o(5). Calculate the highest common divisor of 1 and p.
1
Suppose -2*g + g + 17 = 0. Suppose 2*k = -5*w + 301, -5*k + 687 = 2*w - 76. Calculate the greatest common divisor of g and k.
17
Let v be 4/((-4)/(-7)) + 2. Let l(z) = z**2 - 6*z - 3. Let f be l(v). What is the highest common factor of f and 3?
3
Suppose -3*l = -5*x + 858, x - 5*l + 87 = 263. Calculate the greatest common divisor of x and 38.
19
Suppose -16*v = -161 - 367. What is the greatest common divisor of v and 792?
33
Let g be 0 + -2 + 6 + 302 + -2. Calculate the greatest common factor of 16 and g.
16
Let p = 32 - 22. Suppose -v = -2*i - 5, -5*i + 2*v - p = 1. Let q be (i - (-104)/2) + 1. Calculate the highest common divisor of q and 13.
13
Let b = -28 - -28. Suppose 2*z - 6 = 0, -z - 21 = -u - b*z. Calculate the greatest common divisor of 24 and u.
24
Let z = -58 - -96. Suppose -3*r + 115 = -170. What is the greatest common factor of z and r?
19
Suppose 4*w - 807 = -3*s + w, -5*s + 1349 = 4*w. What is the greatest common factor of s and 21?
21
Suppose -2*r + 5 = 3*r. Let v be 460/70 - (0 - (-12)/(-28)). What is the greatest common factor of r and v?
1
Let z = -41 + 57. Suppose p = w - 22, -3*p = -3*w + p + 64. Calculate the highest common factor of z and w.
8
Let l = 84 - 281. Let a(g) = 43*g**2 - 7*g + 18. Let m be a(3). Let x = l + m. Calculate the highest common divisor of 17 and x.
17
Let y(j) = -j**3 - 9*j**2 - 9*j + 7. Let z be y(-8). Let h = 10 + 0. What is the greatest common factor of h and z?
5
Suppose p + 5*q - 29 = 0, p - 3*q - 12 = 1. Let b = -6 - -4. Let v be (-1)/b + (-606)/(-4). What is the highest common divisor of v and p?
19
Let t = -2867 + 4067. Calculate the highest common divisor of t and 30.
30
Let k(p) = p + 15. Let c be k(-11). Suppose c*m - 92 = 52. What is the greatest common factor of m and 288?
36
Suppose q = 3*w + 40, -4*q + 98 = 4*w - 78. What is the greatest common divisor of 344 and q?
43
Let c = -2 + 4. Let p be (-1)/(c + 10/(-4)). Calculate the greatest common factor of p and 2.
2
Suppose 4*q - 108 = c, 3*q - 100 = -q + 3*c. Let g = 220 + -136. What is the greatest common divisor of g and q?
28
Suppose m - g = 201, -993 = 45*m - 50*m + g. Calculate the greatest common factor of 18 and m.
18
Suppose -1369 = -4*v - g, 287 - 1677 = -4*v + 2*g. Let b = -20 - -63. What is the highest common factor of b and v?
43
Let p = -48 + 120. Suppose -55*t - 24 = -58*t + z, -4*t + 4*z = -32. Calculate the highest common divisor of t and p.
8
Suppose 0 = m - 2*o - 18, -o - 30 = -2*m + o. Let r = 32 - 29. Let d be (r - (-1120)/12) + (-2)/6. What is the highest common factor of m and d?
12
Let t be -4 + (2/(-15) - (-7636)/345). Let c(g) = 45*g. Let z be c(2). What is the highest common divisor of t and z?
18
Let g(h) = -h**3 + 6*h**2 - 9*h + 10. Let f be g(5). Let v = f - -35. Calculate the highest common divisor of 25 and v.
25
Let j be (-1)/(-1) + (-1 - -1). Let u = j - 3. Let v(z) = -2*z**3 - 2*z**2 - 2. Let r be v(u). Calculate the highest common divisor of 54 and r.
6
Let v be 98*(42/12 - 3). What is the highest common divisor of 7 and v?
7
Let n(t) = t**3 + 14*t**2 - 6*t + 50. Let i be n(-13). Calculate the highest common divisor of 88 and i.
11
Let p be ((-652)/(-3))/2 - 290/435. Calculate the greatest common factor of p and 84.
12
Let h be 12/1 + (-80 - -80). Let f be 3/(-12) - 290/(-8). Calculate the greatest common divisor of f and h.
12
Let m be (-3)/(-9)*2*63. Calculate the highest common divisor of 798 and m.
42
Let z = 194 - 47. Suppose 359 = 4*y + z. Let b = -29 + y. Calculate the greatest common factor of b and 12.
12
Suppose 50*n - 38*n - 288 = 0. Let d(r) = 97*r**3 - 1. Let p be d(1). What is the greatest common factor of n and p?
24
Suppose -l + 57 = 11. Suppose -f = -l + 4. Suppose -2*w = -4*q + 3*w + 127, 2*q = -3*w + 47. Calculate the greatest common divisor of q and f.
14
Let b = 1 - -6. Suppose -20 = -b*h + 2*h. Suppose 3 = -5*d - 2, 4*a - 40 = h*d. What is the greatest common factor of 1 and a?
1
Suppose -4*j + 0*j = -2*i + 124, 0 = 3*j - 6. Let b = 36 - 24. What is the highest common factor of i and b?
6
Let c = 6 - 5. Let j(o) = 8*o**3 - o**2 + 2*o - 1. Let g be j(c). Calculate the highest common divisor of 48 and g.
8
Suppose -243 = -3*n + 3*a, -5*a = 3*n - 2*n - 57. Let i(c) = -c + 2. Let t be i(2). Suppose -5*k + 23 + 12 = t. Calculate the highest common divisor of k and n.
7
Let x(p) = 2*p + 59. Let g be x(0). Suppose -8*n + 3*n - 6 = -2*h, -3*h + g = 5*n. Calculate the greatest common divisor of 143 and h.
13
Let h(f) = -3*f**2 + 53*f + 10. Let k be h(14). What is the greatest common factor of k and 123?
41
Let h(z) = 23*z**2 - 167*z - 99. Let s(g) = -8*g**2 + 56*g + 33. Let t(w) = 6*h(w) + 17*s(w). Let v be t(26). Calculate the highest common divisor of